{"id":6525,"date":"2014-05-07T17:58:42","date_gmt":"2014-05-07T17:58:42","guid":{"rendered":"https:\/\/cocinasalemanas.com\/test\/?page_id=6525"},"modified":"2019-10-17T21:49:27","modified_gmt":"2019-10-17T21:49:27","slug":"mejor-oferta-muebles-de-cocina","status":"publish","type":"page","link":"https:\/\/cocinasalemanas.com\/test\/mejor-oferta-muebles-de-cocina\/","title":{"rendered":"Quieres la mejor oferta para tus muebles de cocina"},"content":{"rendered":"<p><img loading=\"lazy\" decoding=\"async\" class=\"alignright wp-image-6526 size-full\" src=\"https:\/\/cocinasalemanas.com\/test\/wp-content\/uploads\/2014\/05\/pagina-mejoramos-tu-presupuesto.jpg\" alt=\"mejoramos tu presupuesto\" width=\"346\" height=\"346\" srcset=\"https:\/\/cocinasalemanas.com\/test\/wp-content\/uploads\/2014\/05\/pagina-mejoramos-tu-presupuesto.jpg 346w, https:\/\/cocinasalemanas.com\/test\/wp-content\/uploads\/2014\/05\/pagina-mejoramos-tu-presupuesto-150x150.jpg 150w, https:\/\/cocinasalemanas.com\/test\/wp-content\/uploads\/2014\/05\/pagina-mejoramos-tu-presupuesto-187x187.jpg 187w, https:\/\/cocinasalemanas.com\/test\/wp-content\/uploads\/2014\/05\/pagina-mejoramos-tu-presupuesto-200x200.jpg 200w\" sizes=\"auto, (max-width: 346px) 100vw, 346px\" \/>Estamos convencidos de poder mejorar tu presupuesto. \u00a0Ponnos a prueba, env\u00edanos una copia de tu dise\u00f1o y presupuesto actual y te lo mejoraremos, <strong>te aseguramos una respuesta en 24 horas<\/strong> y, por supuesto, sin ning\u00fan compromiso por tu parte.<\/p>\n<p>Puedes enviarlo ahora mismo en el enlace al final de esta p\u00e1gina,\u00a0\u00a0debes rellenar un simple formulario para ayudarnos a planificar tus muebles de cocina seg\u00fan tus gustos, no olvides adjuntar el presupuesto que quieres que mejoremos, debe ser detallado e indicar claramente los servicios y elementos incluidos.<\/p>\n<p style=\"text-align: left;\">Si la oferta es de calidad estamos seguros de poder mejorarla. \u00a0\u00bfComo podemos hacerlo?<\/p>\n<p style=\"text-align: left;\">En cocinasalemanas tenemos una estructura optimizada para poder ofrecerte el mejor servicio con el m\u00ednimo coste, nuestro sistema pone a tu disposici\u00f3n a un profesional que te guiar\u00e1 en todo el proceso hasta el montaje final. \u00a0Trabajamos adem\u00e1s con el mejor fabricante alem\u00e1n en mobiliario de gama alta, puedes ver m\u00e1s detalles de nuestro socio comercial\u00a0en su web:<\/p>\n<p>&nbsp;<\/p>\n<p style=\"text-align: center;\"><a title=\"cocinas hacker\" href=\"https:\/\/www.haecker-kuechen.de\/\" target=\"_blank\" rel=\"noopener noreferrer\">muebles de cocina H\u00e4cker<\/a><\/p>\n<p style=\"text-align: center;\"> <a href=\"https:\/\/cocinasalemanas.com\/test\/presupuesto\/\" class=\"btn  btn-danger false\" target=\"_self\"> env\u00edanos ahora tu dise\u00f1o\u00a0<\/a>\n","protected":false},"excerpt":{"rendered":"<p>Estamos convencidos de poder mejorar tu presupuesto. \u00a0Ponnos a prueba, env\u00edanos una copia de tu dise\u00f1o y presupuesto actual y te lo mejoraremos, te aseguramos una respuesta en 24 horas y, por supuesto, sin ning\u00fan compromiso por tu parte. Puedes enviarlo ahora mismo en el enlace al final de esta p\u00e1gina,\u00a0\u00a0debes rellenar un simple formulario<\/p>\n","protected":false},"author":1,"featured_media":0,"parent":0,"menu_order":0,"comment_status":"closed","ping_status":"open","template":"","meta":{"pagelayer_contact_templates":[],"_pagelayer_content":"","footnotes":""},"class_list":["post-6525","page","type-page","status-publish","hentry"],"_links":{"self":[{"href":"https:\/\/cocinasalemanas.com\/test\/wp-json\/wp\/v2\/pages\/6525","targetHints":{"allow":["GET"]}}],"collection":[{"href":"https:\/\/cocinasalemanas.com\/test\/wp-json\/wp\/v2\/pages"}],"about":[{"href":"https:\/\/cocinasalemanas.com\/test\/wp-json\/wp\/v2\/types\/page"}],"author":[{"embeddable":true,"href":"https:\/\/cocinasalemanas.com\/test\/wp-json\/wp\/v2\/users\/1"}],"replies":[{"embeddable":true,"href":"https:\/\/cocinasalemanas.com\/test\/wp-json\/wp\/v2\/comments?post=6525"}],"version-history":[{"count":0,"href":"https:\/\/cocinasalemanas.com\/test\/wp-json\/wp\/v2\/pages\/6525\/revisions"}],"wp:attachment":[{"href":"https:\/\/cocinasalemanas.com\/test\/wp-json\/wp\/v2\/media?parent=6525"}],"curies":[{"name":"wp","href":"https:\/\/api.w.org\/{rel}","templated":true}]}}